Let k(w) = 5*w**2 + 4*w + 9. Let u(v) = -9*v**2 - 7*v - 17. Let o(j) = -7*k(j) - 4*u(j). Calculate o(m).
21
Let s be 39/(18/15 - 1). Suppose 25*f - s = 22*f. Let n be (f/(-39))/(2/(-6)). Let j(l) = l**3 - 5*l**2 + 2*l + 7. Give j(n).
17
Let f(t) = -t**2 + 47*t - 1. Let y(o) = 6*o**2 - 194*o + 222. Let g(q) = -5*f(q) - y(q). What is g(-35)?
-7
Let c(n) be the first derivative of -7*n**2 - n + 826. Let o = -5 - -6. Calculate c(o).
-15
Let y be 6/(-16) - (-7 + 378/144). Let q(u) = u**3 - 3*u**2 + u + 1. What is q(y)?
21
Let h be ((-18)/14)/(18/(-21)*1). Let n(u) be the second derivative of -1/6*u**4 - h*u**2 + 0 - 4/3*u**3 + 20*u. Determine n(-5).
-13
Suppose 1889 + 1595 = -13*x. Let f = -267 - x. Let b(q) = -9*q**2 + 2*q - 2. What is b(f)?
-9
Let m(h) = h**3 + h + 1. Let y(b) = -3*b**3 - 8*b**2 - 5*b. Let q(a) = 4*m(a) + y(a). Let v = -7 - -15. Calculate q(v).
-4
Let n(c) be the second derivative of 2/3*c**3 - 13*c - 4*c**2 - 1/2*c**4 + 0 + 1/20*c**5. Let w = 38 + -32. Determine n(w).
16
Let g(w) = w**3 - 38*w**2 + 73*w - 37. Suppose -298 + 1126 = -15*s + 38*s. Determine g(s).
-1
Let i(p) = 2*p**2 + 16*p + 5. Let a = -12631 + 12631. What is i(a)?
5
Let z(x) = -12*x + 268. Let b(y) = -4*y + 85. Let r(h) = 10*b(h) - 3*z(h). Give r(-12).
94
Let l(o) be the first derivative of o**3 - 3*o**2/2 + 2. Let d be (1 + -3)/(93/48 - 2). Let c be 8/(-10)*(-80)/d. Calculate l(c).
6
Let r(c) = -2*c**2 + 18*c + 3. Let v(b) = -3*b**2 - b - 10. Let j(q) = -r(q) + v(q). Calculate j(-18).
5
Let a(o) = -8*o + 4. Let g(b) = -3*b + 1. Let q(p) = 4*a(p) - 11*g(p). Let r = 162 + -171. Calculate q(r).
-4
Let p(r) = 2*r + 3. Let v(b) = b**3 + 5*b**2 + 2*b - 2. Let n be v(-4). Let l be n/(-4) - 119/(-2). Let s = 53 - l. Determine p(s).
-7
Suppose 5*i - 18 = -23. Let d(m) be the first derivative of -m**3/3 + m + 1681. Determine d(i).
0
Let n(x) be the third derivative of -x**6/120 + 13*x**5/20 + 7*x**4/2 - 44*x**3/3 + 8*x**2 - 42*x. What is n(41)?
-6
Let u(k) = -3*k**3 + 5*k**2 + 3*k - 2. Let h be u(-1). Suppose r + 3*l + 8 - 4 = 0, h*l + 24 = 3*r. Let i(w) = 4*w + 5. Give i(r).
25
Let i = -9239 + 9229. Let p(m) = 8*m + 61. Determine p(i).
-19
Let p(k) = -2*k**3 - k**2 + 1. Let h(n) = n**3 - 13*n**2 + 27*n + 28. Let a be h(10). What is p(a)?
13
Suppose 0 = t + 2, 4*d - 2*t - 8 = -6*t. Let s(m) = 2*m - 3*m - 3 + 9. Let l(h) = -1. Let n(j) = d*l(j) + s(j). Calculate n(3).
-1
Let w(r) = r**3 - 6*r**2 + 4*r + 3. Let b = -2851 - -2857. Give w(b).
27
Let w(n) = -6*n + 115. Let h(l) = 13*l - 234. Let f(v) = 2*h(v) + 5*w(v). What is f(22)?
19
Let j(k) = -7*k**2 + k + 1. Let u be j(-1). Let i be (-440)/(-77)*u/(-2). Let l be (-30)/9*(-24)/i. Let d(b) = b**2 - 4*b + 4. Determine d(l).
4
Let w(q) = -q**2 + 6*q. Let x be -2 + (-2)/4 - (-4)/8. Let f be (x/(-4))/((-5)/10). Let a be -1 - f*(-8)/(-1). What is w(a)?
-7
Let n(w) = 8*w + 2. Let s(l) = -l - 1. Let f(h) = n(h) + 10*s(h). Suppose 5*t - 4*d = 270, -d + 150 - 420 = -5*t. Suppose 66 = -15*g - t. Give f(g).
8
Let m(g) = -10*g - 484. Let o(w) = -2*w**3 - w**2 + 8*w - 10. Let q be o(3). Give m(q).
6
Let g(u) = u - 18. Let d(c) = -11*c + 626. Let a be d(56). Give g(a).
-8
Let g(s) = 25*s - 38. Let l = -28895 + 28895. Calculate g(l).
-38
Let z = -8 + 11. Let r(q) be the first derivative of 0*q**2 + 2*q - 22 - 1/3*q**3. Give r(z).
-7
Suppose -2*d = -3*d + 5. Let s(o) be the third derivative of o**6/120 - o**5/12 - o**4/4 - o**3 + 2*o**2 + 74*o. Determine s(d).
-36
Suppose 0 = -4*r - 6*b + 2*b + 48, 5*r = b + 54. Let x(s) = -8*s**2 - 6*s**2 - 11*s + 4*s**2 + 5 + 286092141*s**3 - 286092140*s**3. Calculate x(r).
5
Let d(a) = 56*a**3 - 2*a**2 - 5*a - 4. Suppose 720 - 776 = 56*z. Calculate d(z).
-57
Let u(b) = -b + 6. Let r = 63 + -23. Suppose -4 = w, -5*t + 220 = 2*w + 3*w. Let l = t - r. Calculate u(l).
-2
Let n(x) = -82 + x**2 - 101 - 107 - 7*x + 290. What is n(4)?
-12
Let c(k) = 3*k + 2*k**2 + 7 + 10*k - 8*k - 16 - 5. Determine c(-8).
74
Let u(k) be the second derivative of -7*k**4/12 + 2*k**3/3 - k**2/2 + k + 50. Let n(s) = 23*s**2 - 13*s + 3. Let g(x) = -4*n(x) - 13*u(x). Calculate g(3).
-8
Let g(q) = -2*q + q**3 - 3*q**3 + q**3 + 35*q**2 - 1135 + 1159. Calculate g(35).
-46
Let b(a) = -a**3 + 2*a**2 + 5*a + 1. Suppose -120 = -10*d - 80. Suppose d*n + 71*m - 68*m - 13 = 0, 0 = -n - m + 3. Calculate b(n).
-11
Suppose 2*l + 10 = -124*p + 126*p, -3*p - 2*l = 35. Let i(x) = 0*x**2 - 6*x + 0*x**2 - 5 - x**2. Give i(p).
0
Let w(y) = -y**2 - y + 6. Let m be ((-36)/10)/((-2461)/(-115) + -22). What is w(m)?
-36
Let s = -22 - -27. Suppose 0*b = -5*b - s*y - 75, b = -5*y - 23. Let t(g) = -g**3 - 13*g**2 - 9. Give t(b).
-9
Let d(k) = -k**3 + 6*k**2 + 25*k - 12. Let m be d(-3). Let j(s) = -6*s - 20. Calculate j(m).
16
Suppose -30 = -5*n - n. Suppose 2*k + n*m - 14 = 0, 8 = m + 3*m. Let j(t) = k*t**3 - 3*t + t - 9*t**2 + 4*t**2 + 1 + 4*t**2. Give j(2).
9
Suppose 4*p - 22 = -3*k, 2*k - k - 2*p + 6 = 0. Let d(t) = -8 - 3*t + k*t + 5 + 0. Let z be 26/6 - 1/3. Give d(z).
-7
Let g(j) = 2*j - 2. Let z be -2 - 92/(-20) - 9/15. Let m(s) = -s**3 + 2*s**2 + 5*s - 2. Let h be m(3). Let v be -6*(10/z - h). What is g(v)?
-14
Let a(t) = 3*t - 9. Let d(w) = 279*w - 4. Let q be d(1). Suppose -7*b - 240 = -q. Give a(b).
6
Let a(r) = 18*r**3 - 8*r**2 - 1. Let w(v) = -v**3 - 2*v**2. Let g(j) = -a(j) + 4*w(j). Give g(1).
-21
Let w(u) = -73*u + 377. Let d(h) = 12*h - 61. Let t(o) = -39*d(o) - 6*w(o). Determine t(4).
-3
Let n(x) = x - 4. Let y(u) be the third derivative of -u**4/24 + u**3/2 - u**2 - 36. Let k(b) = -4*n(b) - 5*y(b). Determine k(-5).
-4
Let l be 4/(-4 + 0) - 156. Let h = l - -157. Let s(r) = -r**2 - r + 8. What is s(h)?
8
Let d(x) = x**2 - 11*x - 27. Let c be ((-13)/21)/((-115)/2415). Determine d(c).
-1
Let m be 1/(-2 + 9/4). Let h be (-6)/4 + (-2)/m. Let y(i) be the third derivative of -i**6/120 + i**4/8 + i**3/6 - 57404*i**2. Give y(h).
3
Let j(l) = -l**3 - 4*l**2 - l + 4. Let m be j(-4). Let i(k) = 22*k - 72*k + 24*k + 25*k - 395 + 403. What is i(m)?
0
Let o = 28 - 19. Let g(v) be the second derivative of v**5/20 - 2*v**4/3 - 5*v**3/3 + 3*v**2/2 - 108528*v. Calculate g(o).
-6
Let f(m) = 19 + 1 + 5*m - 12*m. Let b(t) = 3*t - 10. Let k(o) = 5*b(o) + 2*f(o). Calculate k(0).
-10
Suppose 30*j - 2*d + 44 = 35*j, 2*j + 8*d = 68. Let q(t) = 2 + 5*t - 4 - t**2 + 3. What is q(j)?
-5
Suppose -3*i - i - 30 = -6*f, 5*i - 5 = -f. Let b(d) = -5*d + i - d**2 + 0*d - 2*d + 2*d + 4. What is b(-3)?
10
Let a(f) be the second derivative of -f**6/360 + f**5/60 + f**4/6 - 2*f**3/3 + 3*f**2 + f + 41. Let p(r) be the second derivative of a(r). Calculate p(3).
1
Let a(r) be the third derivative of -1/24*r**4 + 16*r**2 - 1/60*r**5 + 0 - r**3 - 1/120*r**6 + 0*r. Suppose -8*q = -3*q. Give a(q).
-6
Suppose 48*w - 50*w = -6. Let m(u) = -504*u**3 - 2*u - 15 + 0*u + 505*u**w + 10*u**2. Calculate m(-10).
5
Let w = -70 - -103. Suppose 47*p - 51*p - 100 = 0. Let n = w + p. Let h(c) = -c**2 + 8*c + 5. What is h(n)?
5
Let o(r) = 3*r + 4. Let f(s) = -s**3 + 6*s**2 - 3*s + 3. Let t be f(6). Let x be (4 - (-50)/t)*-6. Let q be o(x). Let u(g) = g**3 + 8*g**2 - 3. What is u(q)?
-3
Let n(p) = 62*p**2 - 1. Suppose -3*o - 4 = 4*t - 0*o, -4 = 4*t + 2*o. Let a be n(t). Let l = 66 - a. Let d(x) = -2*x**2 + 8*x - 3. Calculate d(l).
-13
Let m(y) be the second derivative of 1/20*y**5 + 0*y**2 + 12 + 5/12*y**4 - 8*y + 1/3*y**3. What is m(-5)?
-10
Let r = -7516 - -7512. Let x(j) = j - 1. Let t(o) = -o**3 - 3*o**2 + 3*o + 7. Let z = -3 + 4. Let p(q) = z*t(q) + 3*x(q). Calculate p(r).
-4
Let g(s) = 10*s**2 - s + 1. Let h be g(1). Let w be (h + -9)/(2/6). Let q be -3 + 7 - 2*w. Let p(c) = -4*c - 2. Give p(q).
6
Let j(n) = 3*n**2 + 124 - 4*n**2 + 127 + 16*n - 227. What is j(17)?
7
Let x(t) = t**3 + 1. Let g(y) = y**3 - 17*y**2 + 45*y - 14. Let w be g(14). Suppose -2*o = 35 + 21. Let v = o + w. Determine x(v).
1
Let c(a) = 4*a + 5. Let w(s) = -s - 1. Let i(t) = c(t) + 5*w(t). Let j(g) = -75*g + 413. Let v be j(5). Suppose v = -29*d - 165. Determine i(d).
7
Let a = -2 - -12. Let j(w) be the second derivative of -w**4/12 + 2*w**3 - 13*w**2/2 - 13*w + 65. Give j(a).
7
Let h(j) = j**3 + 18*j**2 - 21*j - 49. Let c be 51/(-969) - 1080/57. Give h(c).
-11
Let z(f) be the second derivative of -f**4/12 - 5*f**3/3 + 3*f